(u) = -u - 7. Let z be v(-2). Calculate b(z).
-9
Suppose 5*o - 5 = 25. Let b(d) = -d**3 + 6*d**2 - 2*d + 1. Give b(o).
-11
Suppose -6*q + 5*q + 3*y = -17, -4*q - 4*y + 116 = 0. Suppose 2*s - 2*v = 3*v + q, 4*v = -s - 13. Let g(b) = b - 7 - b**2 + 3 - 5*b - s*b. Calculate g(-5).
6
Let f = 7 - 3. Let d(s) = s**3 - 4*s**2 + 2*s + 4. Determine d(f).
12
Let c(i) = i**3 - 4*i**2 + 4*i - 3. Let r(l) = l**2 - 10*l + 12. Let h be (1*-21)/(-3) - -2. Let t be r(h). Determine c(t).
0
Let o(y) be the third derivative of -y**6/120 - y**5/12 + y**4/12 - 7*y**3/6 + 11*y**2. Let k(q) = -q + 1. Let s(h) = -5*k(h) - o(h). What is s(-3)?
11
Let n = 5 + -5. Suppose -b - 2*h = -15, -20 = -n*b - 5*b + h. Let o(q) = q + 3*q - b*q + 5 + 2*q. Calculate o(0).
5
Suppose 3*h - 5*h - 4 = 0. Let b(x) = x**2 + x - 1 + 2 + 0. Calculate b(h).
3
Let c(f) = f**2 + 1. Let k(g) = 3*g**2 + 2. Let j(b) = -2*c(b) + k(b). Determine j(2).
4
Let f(u) = 2*u - 5*u + u**2 + 6*u + 2*u + 4. What is f(-7)?
18
Let h(m) = -m**3 - 5*m**2 + 2. Let r be h(-5). Suppose r*n - 6 = n. Let l(k) = -k**2 + 5*k. Let x(g) = -2*g**2 + 10*g. Let a(s) = -9*l(s) + 4*x(s). Give a(n).
6
Let f = -10 + 3. Let j(s) = -2*s**2 - 45 + 40 + 3*s**2 + 7*s. Give j(f).
-5
Let v(x) = 19*x + 4. Let l(g) = 9*g + 2. Let n(j) = -13*l(j) + 6*v(j). Let f = 7 - -1. Suppose f = -5*p + 3*p. Determine n(p).
10
Let u(i) = -3*i**2 + 0*i**2 + 3*i**3 + 4 - 5*i**2 + 11*i**2 + 2*i. Let h(a) = -7*a**3 - 6*a**2 - 3*a - 9. Let b(d) = -2*h(d) - 5*u(d). Calculate b(-2).
2
Let j(t) be the first derivative of t**3/3 + 3*t**2 - t + 29. Determine j(-4).
-9
Let q(w) = -3*w**2 - 4 - 3*w - 3*w**3 - w**3 + 3*w**3. Let d be 1 - (9 + 0)/(-3). Suppose -3*k + v = 7 + 2, 0 = 2*k + d*v + 6. Calculate q(k).
5
Let a be (15/(-6))/(2/(-4)). Let d be (a/(-10))/((-2)/(-4)). Let h(y) = -10*y**3 - y**2 - y. Determine h(d).
10
Suppose -4 = 2*t - 10. Let v(o) be the second derivative of 1/12*o**4 + 0 - 1/3*o**3 - 2*o**2 - o. What is v(t)?
-1
Let t = 119 + -118. Let a(z) = 5*z**2 - 1. Give a(t).
4
Suppose a = -5*x - 20, -8 - 2 = -2*a. Let c(j) = -j + 4. Determine c(x).
9
Let a(r) = -r + 4 - 2*r + 2*r. Determine a(-4).
8
Let x(s) be the second derivative of -s**5/30 - s**4/6 - s**3/2 - s. Let z(j) be the second derivative of x(j). Determine z(-3).
8
Let j(v) = v**3 + 7*v**2 - 9*v - 1. Suppose -3*i - 15 - 9 = 0. Give j(i).
7
Let t(j) = j**3 - 2*j**2 + 3*j - 1. Suppose -3*k = -y - 1, 2*k = k - 2*y + 12. Give t(k).
5
Suppose -5*n + 4*m - 116 = 0, -n - 5*m = 3*n + 60. Let j = n - -18. Let w(s) = -s**3 - 2*s**2 - 2*s + 1. Determine w(j).
5
Let i(l) = 30*l + 33. Let x(b) = -b - 1. Let o(c) = -2*i(c) - 66*x(c). Calculate o(1).
6
Let n(w) = -3*w + 2. Let k be 2/(1 + -1 - 1). Calculate n(k).
8
Let i(z) = 2*z + 2 - 3 + 0 + 3*z**2 - 17*z**2. Determine i(1).
-13
Let q(i) = 4*i**3 + 8*i**2 - 5*i - 5. Let h(d) = 3*d**3 + 7*d**2 - 4*d - 4. Let k be ((-10)/(-2) - 0)*-1. Let s(r) = k*q(r) + 6*h(r). Give s(2).
-5
Let o(x) be the first derivative of x**2/2 - 11*x - 9. What is o(0)?
-11
Let t(h) = -4*h + 1 + 2*h + 5*h - 4. Determine t(2).
3
Let o(u) be the second derivative of -11/20*u**5 + 0 + 4*u + 0*u**2 + 1/6*u**4 - 1/6*u**3. Give o(1).
-10
Let u(z) = z**2 - 4*z. Let j be 0 + 7 - 4/2. Suppose a - 3*a + 12 = 2*p, p = -j*a + 26. Give u(a).
5
Let u be (-6 - -5) + (-2 - -1). Let y be 4/1 + (u - -1). Let w(c) = c**3 - 4*c - y + c - c + c**2. Give w(-3).
-9
Let g(l) = -l**2 + l - 2. Suppose 0 = -5*m + 5*k + 25, 5*m - 19 = k + k. Let y = 9 - 6. Suppose -q = -m*r + 4*r + 6, -2*r = y*q + 14. Calculate g(q).
-8
Let v(s) = s - 5. Let j be v(7). Suppose -4*r + 13 + 5 = -2*y, 5*y = -4*r + 25. Let p(n) = 5 + 4*n**2 + 5*n**3 - r - 6*n**3 - 2. Determine p(j).
6
Let n(m) = m + 1. Let q(v) = -5*v. Let g(j) = 3*n(j) + q(j). Let z(t) = -1. Let p(r) = g(r) - 2*z(r). Calculate p(4).
-3
Suppose 37 + 13 = 5*n. Let i be (2/n)/(6/30). Let v(u) = 4*u**3 + u**2 - 2*u + 1. Give v(i).
4
Let o(x) be the third derivative of -x**4/8 - x**3/3 + 8*x**2. What is o(-5)?
13
Let m(n) = -n**2 - n + 5. Let a be 2/(-5) - (-297)/55. Suppose 4 = -3*l - 3*k - 8, a*l = -4*k - 18. Let w be (3 + -4 - -3)*l. Give m(w).
-7
Let t(u) = -u + 14. Let f be 18/(-63) + (-88)/(-14). Give t(f).
8
Let p(r) = r**2 + 1. Let x(q) = -7*q**2 - 7*q - 12. Let o(t) = -6*p(t) - x(t). Calculate o(-7).
6
Let x = 6 - 10. Let p be x/(-14) - 171/(-63). Let s(h) = 4 + h - p + 4 - 1. Determine s(5).
9
Let u(d) = 3*d + 1. Let w be (-54)/(-24) + (-2)/8. Suppose -8 = -w*r - 2*r. Give u(r).
7
Let v(m) be the third derivative of 2/3*m**3 - 1/60*m**5 + 0*m + 1/24*m**4 + 0 - 2*m**2. Let p = -5 - -5. What is v(p)?
4
Let v(r) = r**2 - 6*r + 4. Suppose -2*z + 3*x = -15, -5*z = x - 5*x - 27. Give v(z).
-5
Let p(x) = -2*x - 2. Let f be -3*(40/12 + -4). Calculate p(f).
-6
Let c(o) = 5*o**3 - 11*o**2 - 11*o - 6. Let x(l) = -l**3 + l**2 + l. Let t be 4*-2 + 0 + 2. Let v(f) = t*x(f) - c(f). Let d = -4 + 0. Determine v(d).
2
Let j(x) = x**3 + x**2 + x + 11. Suppose 7*c + 12 = 3*c. Let h be c/(-2) + (-6)/4. Give j(h).
11
Let n(q) = 3*q**2 - 2*q**3 + 11*q + 8*q**2 + 0*q**2 + 5. Let h(a) = a**3 - 6*a**2 - 6*a - 3. Let x(o) = -7*h(o) - 4*n(o). Give x(3).
4
Let n(o) = -o**3 + 2*o**2 + 2. Let q be n(2). Let j(p) = 3 - 3 - p + p**3 - p**2 + 0*p**q. Give j(-1).
-1
Suppose 2*z - 5 = -15. Let q(n) = -n**3 - 7*n**2 - n - 6. Let l be q(-7). Let d(o) = 0 - l - o + 4. Calculate d(z).
8
Let w(u) = u**3 - u**2 + 6*u**2 + 3 + 2*u - 2*u**2. Let s = -8 + 5. Calculate w(s).
-3
Let b(i) = i + 1. Let z(v) = 3*v - 4. Let c(h) = 4*b(h) - z(h). Let n be ((-4)/(-10))/((-6)/90). Calculate c(n).
2
Let s(q) be the second derivative of -1/12*q**4 - 5/2*q**2 + 0*q**3 + 0 + 6*q - 1/20*q**5. Calculate s(0).
-5
Let z(v) = v**3 - v**2. Let g be z(0). Let s(h) = h**2 + 4. Let r be s(g). Let f be (-285)/55 - r/(-22). Let w(n) = -n**2 - 4*n + 1. Calculate w(f).
-4
Let a be (18/(-2))/(-1) - 2. Let f(u) = 9*u**3 + 9*u**2 + 7*u + 5. Let m(c) = 4*c**3 + 4*c**2 + 3*c + 2. Let p(k) = a*m(k) - 3*f(k). Determine p(0).
-1
Let d = -62 + 57. Let u(g) = -g**2 - 7*g - 2. What is u(d)?
8
Let l(f) = -3*f**2 - 5*f + 1. Let d(r) be the first derivative of 5/2*r**2 - 1 - r + 4/3*r**3. Let g(a) = -2*d(a) - 3*l(a). What is g(-4)?
-5
Suppose m = -4*a + 16, -a - m - 1 + 8 = 0. Let x(s) = -19*s**2 - s**3 + 1 + 13*s**2 - s + 0*s**a. What is x(-6)?
7
Let f be -2 + 1 - (0 + -1). Suppose -1 = -f*q - q. Let w(n) = -3*n + 1. Calculate w(q).
-2
Let s(f) = -4*f**3 - f**2 - 6*f - 1. Let c(b) = b**3 + 3*b - 2*b + 0*b**3. Let z(l) = 5*c(l) + s(l). Let r be z(2). Let g(a) = -4*a + 1. Determine g(r).
-3
Let n(a) = 2*a**2 + 12*a + 13. Let c be n(-4). Let o(x) be the first derivative of x**2/2 + 4*x - 2. What is o(c)?
1
Let t(h) = -6*h**3. Let n = -19 + 20. Give t(n).
-6
Let v = 0 - -4. Let d(j) = 5 + 0*j + j - 4*j. Calculate d(v).
-7
Let k be (-1 + 1)/(1 - 3). Let j(n) = -4*n**2 + n + k*n**3 + 3 + 2*n**3 - 1 - 3*n**3. Suppose 0 = -5*s - 20, 0*l + 4*l = -4*s - 28. What is j(l)?
-10
Let w(z) = -3*z + 4. Let v be 4/10 + (-36)/(-10). Suppose v = -2*l + 2*d - 0*d, d = 4*l - 4. Suppose -2*j + h = -2, -2*h = -l*j - 4 + 2. Calculate w(j).
-5
Let n(x) = 3*x**2 + x. Let q be 1 - 0/((-3)/(-3)). Let k be n(q). Let u(s) = -2*s**2 - 4*s**2 + 5*s + s**3 + s**2. What is u(k)?
4
Let r(c) = c**2 + 8*c + 5. Let v(z) = -z**2 - 3*z + 21. Let h be v(4). Give r(h).
-2
Let u = 9 + 9. Let k = -23 + u. Let h(j) = -j**3 - 6*j**2 - 3*j + 7. Determine h(k).
-3
Suppose 0 = -5*i - 25, -5*i - 33 = x + 3*x. Let m(h) = -h**3 - 4*h**2 - 4*h - 2. Determine m(x).
-2
Let y(x) = x**3 - 7*x**2 - 3*x + 17. Let l be y(7). Let z(p) = p**2 + 5*p - 1. Determine z(l).
-5
Let k(j) be the third derivative of 0*j**3 + 0*j - 1/4*j**4 + 0 + j**2. Suppose 4*a + 2 + 9 = -d, -a - 5 = -2*d. Calculate k(d).
-6
Let a(i) be the first derivative of -1 - 7/2*i**2 + 1/6*i**3 + i. Let n(u) be the first derivative of a(u). Give n(3).
-4
Let z(w) be the first derivative of w**3/3 - w**2/2 - 20*w - 72. What is z(0)?
-20
Suppose -7 - 13 = -4*r. Let l(y) = -3*y**2 - 5*y - 4. Let g(m) = -m**2 + m + 1. Let a(c) = r*g(c) + l(c). Determine a(1).
-7
Let h = 10 + -9. Let i be (1 + h)*(-28)/(-8). Suppose 0*t - i = l + t, -5*l = -3*t + 19. Let b(o) = -o**3 - 5*o**2 - 4. What is b(l)?
-4
Suppose -4*p = -1 - 15. Suppose 